4/3*c**3 - 1/8*c**4 + 1/120*c**6 - 17*c**r + 0. Determine y(7).
-13
Suppose -4*y + 12 = 6*u - 2*u, 0 = -y + u + 1. Let g(z) = 2 + y*z + 2*z - 6*z + z. Let h be 2/(-6) - 26/3. Give g(h).
11
Let r(j) = j**3 - 3*j**2 + j + 2. Suppose -4*k - k + 15 = 0. Suppose 2*f - k*m - 21 = 0, 4*m + 26 = -0*f + 2*f. Give r(f).
5
Suppose 0 = -6*l + 2 + 22. Let d(y) = 189*y + 2 + 4 - 188*y - l. Suppose 14*c + 20 = 19*c. Determine d(c).
6
Let z(c) = c**3 + c**2 - c - 4. Let r be z(3). Let y = 51 - r. Let d(j) = j + 48 - y - 28. Give d(4).
2
Let q(y) = -y**3 - 9*y**2 - 2*y + 9. Suppose -5*a - 2*r + 200 = -r, -a + 3*r = -24. Suppose -45*z + 43*z - 2*i = 24, -4*z - a = i. What is q(z)?
27
Let t(k) = -k**2 + 6*k + 0*k**2 + k**2 + k**3 - 7*k**2 - 5. Suppose -3*s - 12*s = 0. Suppose -3*m - 2 + 0 = -5*l, s = 2*m + 3*l - 24. Determine t(m).
-5
Suppose 7*u = 4*u + 189. Let k = u - 47. Let m(y) = 1 - 18*y - k*y + 33*y. Calculate m(8).
-7
Let k = -25459 - -25437. Let t(c) = 5*c**2 + 108*c - 24. Give t(k).
20
Suppose 103*a + 70 = 110*a. Suppose 0 = b + 9*c - a*c + 6, c = -2*b. Let t(j) = -j - 1. Give t(b).
1
Let d(y) be the second derivative of -181*y + 1/6*y**3 + 0 - y**2. Determine d(-6).
-8
Let n(m) = -10*m + 36 + 7*m + 10 - m**3 - 25 + 10*m**2. Determine n(10).
-9
Let l be 4/(-22) + 265/(-55). Let i be (-4*l/2)/(-4 + 5). Let s(x) = -x**3 + 9*x**2 + 9*x + 7. Calculate s(i).
-3
Let s(o) = 4*o**2 - 12*o + 18. Let h be s(5). Suppose -2*u + 23 = a, -9*u + h = -4*u + 3*a. Let f(q) = q**2 - 13*q + 20. What is f(u)?
-2
Suppose -6*o - 2351 = -485. Let m = o - -316. Let r(t) = t - 1. What is r(m)?
4
Let d = -375 + -625. Let m = 1011 + d. Let y(l) = l**2 - 11*l - 5. Calculate y(m).
-5
Let a(q) be the first derivative of -2/3*q**3 + 275 - 3*q - 2*q**2. Suppose -4*x = x + 10. Calculate a(x).
-3
Let q(u) = u**3 - u**2 + 2*u - 9. Let b(f) = 2677*f - 10704. Let v be b(4). Calculate q(v).
47
Let u(i) = -12*i - 15. Let z(l) = 11*l + 16. Let a(d) = -4*u(d) - 5*z(d). Let t be a(-6). Let q(k) = -14*k - k**2 - 15*k - 4 + t*k. Give q(-5).
6
Let z(t) be the third derivative of -t**4/6 - 22*t**3/3 - 2*t**2 + 776. Calculate z(-11).
0
Let r be -4*((-114)/24 + -2). Let i(v) = r - 8*v - v**3 + 13*v**2 + v**2 - 22 - 5*v**2. What is i(8)?
5
Let o(t) = -2*t**3 + 51*t**2 + 23*t + 17. Let z be ((-1)/2)/((-6)/(-24) + (-14)/52). Give o(z).
-61
Let i(o) = -4*o**3 + 3*o**2 + 2*o + 1. Suppose 0 = 2*s + 3*t - 22, 3*s + 10*t = 7*t + 24. Give i(s).
-15
Let b = -206 + 259. Suppose 36*l + b = -55. Let w(r) = r**2 - 3*r**2 + 1 + 0*r**2 - r. Give w(l).
-14
Let o(i) = i**2 - 2*i - 2. Suppose 4*r = -3*q + 19, -26*q + 25*q + 8 = 3*r. Suppose -y + 4*h - q = -20, 2*h = 5*y - 3. Determine o(y).
1
Let t(w) be the first derivative of 7*w**4/2 + 14554. Calculate t(1).
14
Let i = 5637 + -5639. Let l(x) be the third derivative of -x**5/60 - x**4/12 + x**2. Let a(o) = -o**2 - 3*o. Let g(s) = 6*a(s) - 10*l(s). Give g(i).
12
Let w(c) = -2*c**3 + c**2 + 3*c + 2. Let h be w(-2). Suppose q - h = z + 4*q, 3*q = 3*z. Let f(n) = 2*n**3 + 6*n**2 - 1. Determine f(z).
-33
Let f(n) be the first derivative of -n**3/3 - 5*n**2 - 8*n - 1. Suppose -927*l - 1089 + 825 - 6225 = 0. Give f(l).
13
Let f = -19474 - -19470. Let v(p) = p - 12. What is v(f)?
-16
Suppose 3 = -s + k - 4, 2*s = 3*k - 16. Let h be (128/(-160))/(1/s). Let d(m) = m**3 - 5*m**2 + 5*m + 3. What is d(h)?
7
Let c(x) be the first derivative of 3*x**4/4 - 10*x**3/3 + x**2/2 - 3*x - 106. Calculate c(4).
33
Let b be 7/(56/1756) + 5/2. Let n = b + -223. Let v(f) = -17*f + 1. Give v(n).
18
Let t(b) = b**2 - 3*b - 5. Let w = 23 + -18. Let z be t(w). Let x(h) be the second derivative of h**5/20 - 5*h**4/12 - h**3/3 + 3*h**2 + h. Determine x(z).
-4
Let w = 122161 + -122165. Let q(p) = p**3 - p**2 - p - 1. Let d(i) = 4*i**3 + i**2 - 3*i. Let v(o) = d(o) - 3*q(o). Give v(w).
3
Let r(y) = -2*y**3 - 136*y**2 + 146*y + 555. Let c be r(-69). Let o(m) be the second derivative of 0 - 21*m + 1/3*m**c + 0*m**2. What is o(3)?
6
Let v(i) = -i**2 + 36*i - 245. Let l(x) = -14*x**2 - 96*x - 103. Let h be l(-5). Give v(h).
-2
Let c be (-8)/(-44) + (-159)/(-33). Let o(i) = i**3 - 6*i**2 + 7*i - 7. Let f be o(c). Let j be 9 - f - 9/3. Let m(r) = -r**2 + 4. Determine m(j).
-5
Let f(h) be the first derivative of 2*h**3/3 - 35*h**2 + 76*h + 2036. Calculate f(34).
8
Let h(k) = 4. Let j(w) = -w - 17. Suppose 23*i = 48*i + 100. Let x(c) = i*h(c) - j(c). What is x(0)?
1
Let n(q) be the first derivative of q**2/2 + 7*q - 3101. Give n(2).
9
Let c be 30/(-18)*3/1. Let q(z) = z + 3. Let b be q(c). Let a(m) = 2*m - 1. Let v(s) = -7*s + 8. Let l(h) = 6*a(h) + v(h). What is l(b)?
-8
Let v(j) = j**3 - j**2 - 3. Let d(q) = -3*q**3 + 12*q**2 - 6*q + 3. Let p(y) = d(y) + 4*v(y). Determine p(-8).
39
Let s(q) = -q**2 + 6*q - 7. Let a = 144 - 141. Suppose 5*v = a*v + 10. What is s(v)?
-2
Let q(j) = -5 + 50 + 10 - 10 + 13*j - 10*j. Calculate q(-16).
-3
Let k(j) = -1 - 12 + 1132*j + 1124*j - 2244*j. What is k(6)?
59
Let r(j) = j**3 - 2*j**2 + 9*j - 34. Let u be r(3). Let c(b) = 3*b + 6. Determine c(u).
12
Suppose 8*l - 1484 = l. Suppose -v = -3 + 8, 4*v + l = 3*f. Suppose 9*t + f = 1. Let m(s) = -2*s - 1. Determine m(t).
13
Let o(y) = y**3 + 6*y**2 + 3*y - 2. Let q be (-1881)/95 + 2/(-10). Let j be -2*q/(-24)*3. What is o(j)?
8
Let r(j) = 13 + 71*j - 70*j - 10*j**2 + 3*j**2 - 16 + 2*j**3. Give r(3).
-9
Let s(d) be the first derivative of -d**4/4 - 7*d**3/3 - 2*d**2 + 8*d - 8. Let w be (-3)/(-5)*(-1 + 6). Suppose -3 - 15 = w*r. What is s(r)?
-4
Let v(s) = 24*s - 2. Let g be (-1*(-12)/8 - 2)*-6. Suppose -5*p - d - 1 = -6*p, -3*p = -d + g. Give v(p).
-50
Suppose 3*o - 999*b + 995*b + 87 = 0, 0 = 3*b - 18. Let f(j) = -j**3 - 22*j**2 - 24*j - 61. Determine f(o).
2
Suppose -4*w = 3*r - 23, w + w + 6 = 2*r. Let v(x) = -2 - 3*x**2 + 11*x - 2*x**w + 4*x**2 - 2. Let q be 174/(-957) - (-224)/22. Calculate v(q).
6
Let s(f) = f**3 - 5*f**2 - 2*f - 17. Let u = 53 + -47. Let z be s(u). Let w(c) = c**3 - 6*c**2 - 8*c + 2. Determine w(z).
-5
Let n(k) be the second derivative of k**5/20 + 7*k**4/12 + 4*k**3/3 - 2*k**2 - 25521*k. Let h(u) = u - 6. Let g be h(0). Calculate n(g).
-16
Let i(m) = 2*m + 11. Let f be (-2)/(-3)*((-52)/(-1) - 7). Suppose -97*w + 102*w + f = 0. Determine i(w).
-1
Let w = 4700 - 4697. Let v(s) = 6*s**3 - s**2 - 5*s + 3. Determine v(w).
141
Let p(b) be the second derivative of 0*b**3 + 7/60*b**5 + 1/24*b**4 + 0 - 9*b**2 + 32*b. Let a(w) be the first derivative of p(w). What is a(-1)?
6
Let z(q) = 47*q + 1687. Let i be z(-36). Let l(d) = -7*d - 13. Calculate l(i).
22
Let f be 6/(-10) + 234/90. Let n(q) = f*q + 9*q - 9 - 2*q - 12*q. What is n(-8)?
15
Let h(t) = -3*t. Suppose -170 = -o - 5*c, -646 = -3*o - 3*c - 172. Let f be 9/(-21) - o/(-35). Suppose f*r + 1 + 7 = 0. Determine h(r).
6
Let x(b) = 28 - 76 + b + 13 + 18 + 11. Suppose 9 = 4*l + 1. Suppose r = -0*a + l*a + 11, 0 = -5*a + 3*r - 26. Calculate x(a).
-13
Let y(i) = -28844 + 57675 - 28836 + 11*i. What is y(2)?
17
Let a = -758 + 1242. Let q = a - 487. Let w(h) = -2*h**2 - 4*h + 3. What is w(q)?
-3
Let i(n) = 24*n + 272. Let x(p) = 15*p + 183. Let s(y) = 5*i(y) - 7*x(y). Give s(-5).
4
Suppose 0 = 8*u - 37*u + 754. Let f be ((-82)/u - 0) + (-10)/(-65). Let h(c) = -c. Let r(m) = -10*m + 1. Let k(p) = -22*h(p) + 2*r(p). Determine k(f).
-4
Let s(i) be the second derivative of -i**5/20 + i**4/4 + i**3/2 - 3*i**2 - 2*i + 3. Suppose 70*r = 53*r + 85. Calculate s(r).
-41
Let a(l) = 11*l**3 - 6*l**2 - 95*l - 7. Let x(y) = 9*y**3 - 5*y**2 - 78*y - 6. Let z(b) = 5*a(b) - 6*x(b). Let m be -6 - (10/(-2) + 2). Determine z(m).
-5
Let n(a) = 8*a + 42. Let r(g) = -g**3 - 7*g**2 + 10*g + 9. Let b be r(-8). Calculate n(b).
-14
Suppose -2*z + 9*w = -6 + 60, -4*w = -16. Let o(g) = -2*g**2 - 17*g - 15. Calculate o(z).
-24
Let r(s) = s + 5. Suppose -x = -3*z - 325, 4*x - 58 = z + 54. Let i = z + 96. Determine r(i).
-7
Suppose -3*m + 2*n - 19 = 4, 4*m = n - 34. Suppose 0*c - 4*c = 2*i - 24, i + 16 = 5*c. Let s(q) = 9*q - c*q + 5*q + 1 + 0*q + q**2. Determine s(m).
-8
Let q(o) = o. Let w(y) = 33 - 37 + 2*y - y - 4*y - 5*y**2. Let x be w(-1). Determine q(x).
-6
Let i(t) = 3*t - 1. Let f = 33 - 28. Let w be f/(-20) - (-5)/((-100)/35). Give i(w).
-7
Let p(u) = 9*u + 7. Let l(v) = 13*v + 10. L